2 + 1 + 4. Calculate s(a).
-1
Suppose 2*d = 4*u + 6, u + 5*d = 3*u + 7. Let i(q) = 36*q**2 + q + 1. Calculate i(u).
36
Let d(r) = 3*r - 25. Let p(m) = m**2 - 19*m + 88. Let b be p(6). Determine d(b).
5
Let z(p) = 90*p**2 - 5*p + 2 + 5*p - 89*p**2. Suppose -3*r + 1 + 3 = -k, 5*r - 4*k - 16 = 0. Calculate z(r).
2
Let g(v) = v**3 - 13*v**2 - 14*v + 3. Let k be g(14). Suppose -w = -k*w. Suppose w = -2*a - 12 + 4. Let m(l) = l + 3. What is m(a)?
-1
Let c = -10 - -12. Let x(k) = 2*k**3 - 2*k**2 - k - 2. What is x(c)?
4
Let u(f) = -3*f**2 + 8*f - 3. Let y(z) = 14*z**2 - 33*z + 11. Let j(r) = -9*u(r) - 2*y(r). Let d = -10 - -2. Determine j(d).
-11
Let f = 7 - -2. Suppose 2*d = 6*w - 4*w, 0 = -3*d + f. Let u(k) = k**3 - 2*k**2 - 2. Give u(w).
7
Let l(d) = d**3 + 3*d**2 + d - 4. Let k(z) = z**3 - 8*z**2 + 2*z - 11. Let f be k(8). Suppose -u - 3 = q, f*u - 3*q - q = -15. Determine l(u).
-7
Let l(z) = z + 3. Let r be 13/4 - (-2)/(-8). Suppose r*g - 3 + 18 = 0. Calculate l(g).
-2
Let y(r) be the first derivative of r**4/4 - 2*r**3 - r**2 + r + 11. Let g be 10/35 + (-40)/35*-5. Give y(g).
-11
Let m(w) be the first derivative of w**4/4 - w**3 + 2*w**2 - w - 44. Let v be (-6)/(-18) + 16/6. Calculate m(v).
11
Let l = -18 - -16. Let b be l*(52/(-8) - -3). Let a(u) = -b*u + 0*u**2 - u**2 - 12 + 3. Give a(-6).
-3
Let u(y) = y**2 - 6 - 2*y**2 - 7*y + 0. Suppose -41 = 4*c - 5*w, -64*c + 3*w = -68*c - 1. What is u(c)?
6
Let j(w) = -w**3 + 4*w**2 + w - 2. Let i be j(4). Let d(l) = l + 1. Let g(t) = 13*t + 4. Let n = -26 - -27. Let m(b) = n*g(b) - 6*d(b). What is m(i)?
12
Let a(o) = 4*o**2 + o. Let i be a(1). Let u(q) = -14*q - 53. Let n(g) = 4*g + 13. Let l(j) = -4*n(j) - u(j). Give l(i).
-9
Let d(t) = -t**3 + 6*t**2 - 2*t - 4. Suppose p = 3*f - 0*f - 5, 4*f = -3*p + 50. Suppose -p*g + 5*g = -25. Give d(g).
11
Let y(b) = 7*b**2 + b - 6*b**2 - 1 + 1 + 2. Let k be (1 - 3)*(-2 - -14). Let v be (4/(-6))/((-4)/k). Determine y(v).
14
Suppose -d - 12 = 2*r, 2*d - 4*r = -d + 4. Let o be (57/(-12) - -4)*d. Let a(c) = -2*c + c**o + 7 - 2*c**2 + 2*c - 6. Give a(2).
1
Let r(u) = 19*u + 14. Let p(i) = 16*i + 14. Let y(a) = -6*p(a) + 5*r(a). What is y(-9)?
-5
Let s be -7 - ((-1)/(-4) + (-17)/4). Let n(w) be the second derivative of w**5/20 + w**4/4 + w**3/2 - 3*w**2/2 + w. What is n(s)?
-12
Let o(k) = -43*k**3 - k**2 + k. Suppose 96*n = 103*n - 7. Determine o(n).
-43
Let l(q) = q**3 - 5*q**2 - 2*q - 2. Suppose -z + 3*r + 122 = z, -4*z = -r - 244. Suppose 56*o + 30 = z*o. Determine l(o).
22
Suppose 0 = -5*s - 3*z + 18, -22 = s - 4*s + z. Let h(j) = 38 - 3*j - 34 + s*j. Give h(-7).
-17
Suppose -4*a - 3*g + 56 = g, -33 = -2*a + 3*g. Let o(t) = t**3 - 16*t**2 + 16*t - 17. Determine o(a).
-2
Let y be 1*3/((-6)/8). Let j = y + 6. Suppose 12 = -h - j*f - 2*f, 0 = 3*h + f - 8. Let q(a) = a**3 - 5*a**2 + 2*a + 1. Determine q(h).
-7
Let r(a) = a - 8. Let h be r(4). Let b(s) = s**2 - 2*s - 9. Let v(z) = z + 1. Let i(j) = b(j) + 6*v(j). Calculate i(h).
-3
Let z(f) be the third derivative of 0*f + 1/60*f**5 - 1/24*f**4 - 1/2*f**3 + 0 + 29*f**2. Suppose 4 - 16 = -3*n. What is z(n)?
9
Let p(g) = -g**3 + 8*g**2 - 6*g + 2. Let c = -24 - -31. Suppose 8*l + c = 9*l. Calculate p(l).
9
Suppose 6*l = 18*l - 168. Suppose 20*k = l*k + 24. Let t(q) = 3*q - 1. What is t(k)?
11
Let f(q) be the second derivative of q**3/6 + 11*q**2/2 + 43*q + 4. What is f(-6)?
5
Let w(t) = 4*t - 3. Let r(y) = -17*y + 12. Let o(z) = -4*r(z) - 18*w(z). Calculate o(4).
-10
Let n(z) = -13*z + 11. Let v(y) = -14*y + 11. Let j(m) = -5*n(m) + 4*v(m). Let c(d) = 3*d - 4. Let s(i) = -7*c(i) + 2*j(i). Give s(4).
-6
Let s(p) = -16*p**2 - 10*p + 4. Let y(m) = 7*m**2 + 5*m - 2. Let q(n) = -4*s(n) - 9*y(n). Determine q(2).
-4
Let n(r) = -r**2 + 2. Let v(p) be the first derivative of 4*p**3/3 + 1. Let i(s) = s**2. Let b(x) = 3*i(x) - v(x). Let a be b(0). Determine n(a).
2
Let w(v) be the second derivative of 1/2*v**3 + 0 - 1/12*v**4 + 3/2*v**2 + v. Suppose h + 6 = 2*i + 11, 0 = 2*i + 4*h. Calculate w(i).
-7
Let u be (-1)/(-2) + 18/12. Let w(y) = -3*y**u + 4*y**2 - 6 + 5 + 12*y**3. Suppose 0 = -3*o + 3. What is w(o)?
12
Let a(w) = -40 + 37 - 3*w + 0*w. Let q(z) = -z. Let b(f) = a(f) - 4*q(f). Let j = -46 - -51. What is b(j)?
2
Let t(g) = g**3 + 42 + g**2 - 8*g - 8*g**2 - 49. Give t(8).
-7
Let r(a) be the second derivative of 1/3*a**4 - 1/20*a**5 + 9*a + 0 + 2*a**2 - 1/2*a**3. What is r(3)?
4
Let m(d) be the third derivative of 7*d**2 + 1/2*d**3 + 0*d + 0 + 1/12*d**4. Determine m(5).
13
Let b(c) = -3*c + 1. Suppose 3*u + 3*j + 2*j - 1 = 0, -u + 4*j - 11 = 0. Let w(n) = -n**2 - 5*n - 9. Let q be w(-6). Let t be q + 10 + u/(-1). Determine b(t).
7
Suppose -2*y = -y. Let c(i) be the second derivative of -i**5/20 + i**4/12 - i**3/6 + 11*i**2/2 + 7*i + 27. Determine c(y).
11
Suppose 5*j = 3*o - 47, -4*o = 110*j - 112*j - 30. Let m(h) = h**3 + 7*h**2 + 6*h + 16. Give m(j).
-26
Let i(t) = t - 6. Suppose -s + 2 = -14. Let q = s + 29. Let j be 27/5 - 18/q. Determine i(j).
-1
Let k(c) = c**2 - 10*c + 3. Suppose -52 = -26*r + 156. Determine k(r).
-13
Suppose -2*p = d - 11, -4*p + 0*d + 19 = d. Let b(t) = -t**2 + t + 1. Let l(f) = -5*f**2 - f + 6. Let j(c) = 6*b(c) - l(c). Calculate j(p).
12
Let c be (-14)/(-2) + (-54)/6. Let a(k) = -k**3 + 3*k + 1. Give a(c).
3
Suppose -n = -2*n - 1. Let t be n/(-2) - (-2)/4. Let m(b) be the third derivative of -3*b**5/20 + b**4/12 - b**3/6 + 102*b**2. What is m(t)?
-8
Let o(q) = q**3 + 6*q**2 + 2*q + 9. Suppose -g = -3*g + 4. Suppose -g*t - 6 = -18. Let d be (-7 - -6)/(1/t). What is o(d)?
-3
Let o(b) = 10*b**2 + 7*b + 19. Let y(m) = 3*m**2 + 3*m + 7. Let k(x) = -2*o(x) + 7*y(x). What is k(-4)?
-1
Let j(n) = n**3 - 7*n**2 - 6*n + 8. Let v(c) = 7*c + 21. Let x be v(-2). Calculate j(x).
-34
Let w(i) = i**3 + 4*i**2 - 4*i + 7. Let a be w(-5). Let g be (1 + -3 - -2) + a + 5. Let c(l) = l**3 - 7*l**2 + 2*l - 5. Determine c(g).
9
Let c be (-2)/15 - (-43)/(-15). Let o(z) = -4*z**3 + 755*z - 4*z**2 - 375*z - 381*z + 3*z**3 + 2. Determine o(c).
-4
Let q(r) = -r**3 + r**2 + 9. Let v = -6 - 2. Let k = 8 + v. Let s be (k + 0)/(2/1). Calculate q(s).
9
Let u(l) = l**2 - 4. Suppose -2*d - 3*p - 1 = 0, -3*d + d + 14 = -2*p. Suppose d*c + 2*w = -26, 5*c - 2*c = w - 7. What is u(c)?
12
Let i(b) be the first derivative of 3*b**2/2 + 7*b - 221. Determine i(-9).
-20
Let y(q) = q - 1. Let j(l) = -1. Suppose -4*c - c = -10. Let a(m) = c*j(m) - y(m). What is a(-5)?
4
Let m(d) = d + 9. Let f be 1 + -14 - (-78 - -71). Determine m(f).
3
Let o(t) be the first derivative of -t**4/4 + t**3 - 3*t - 4. Suppose 45 = 3*u + 12*u. Determine o(u).
-3
Let u(c) be the third derivative of c**7/2520 + c**6/90 - 3*c**5/10 - c**2. Let k(n) be the third derivative of u(n). Give k(-7).
-6
Let o(g) = g**3 - 2*g**2 - g - 10. Suppose -t = -10*t. What is o(t)?
-10
Let x(q) = 7*q - 6. Suppose -44 = -3*n - 2*j + 6*j, 11 = 2*n + j. Determine x(n).
50
Let g(x) be the third derivative of -x**8/10080 - x**7/1260 - x**6/360 + 8*x**5/15 + 29*x**2. Let s(w) be the third derivative of g(w). Determine s(-2).
-2
Suppose -q - 3*q = 8, -4*q - 8 = 3*c. Let y(o) = 3 + c - 123*o + 125*o. What is y(-2)?
-1
Let q be ((-2)/(-4))/((-4)/(-72)). Suppose 10*z - 13*z + q = 0. Let w(a) = 5*a**z - a - 2*a + 10*a + 1 - 5*a. Give w(-1).
-6
Let v(b) = -b**3 + 1. Let l(k) = -3*k**3 - k**2 + 2*k + 14. Let n(g) = l(g) - 4*v(g). Determine n(0).
10
Let y(b) be the third derivative of -b**5/30 + 5*b**4/8 + 696*b**2. Give y(7).
7
Let k(f) = -f**3 - 5*f**2 + 5. Let l = 43 - 47. Give k(l).
-11
Let l(u) = u**2. Let o(a) = -a**3 - 11*a**2 + 13*a + 18. Let g be o(-12). Let v = -6 + g. Calculate l(v).
0
Let d be 4/14 + 1872/63. Let h be ((-20)/(-24))/(5/d). Let v(n) = 6*n - 3*n - n + h*n. Determine v(-1).
-7
Let s(p) = 10*p + 6. Let r(b) = -5*b - 4. Let u(y) = -5*r(y) - 2*s(y). What is u(-3)?
-7
Suppose 4*f - 215 + 38 = 5*h, 2*f = -h + 99. Let i(l) = -2 + f*l**2 + 5*l - 47*l**2 + 1 - 4. Suppose 4*r = -r - 25. Give i(r).
-5
Let c be (6/(4/2))/((-414)/(-690)). Let s(z) be the second derivative of 0 - 1/20*z**c + 1/4*z**4 + z**3 - 13*z - 3/2*z**2. Calculate s(4).
5
Suppose -4*m - 10 = -t - 2*m, -5*m = -4*t + 49. Let r = t - 9. Let c(f) = -36*f + r*f**2 - 3 + f**3 + 5 + 42*f. Determine c(-6).
2
Let h(g) = g**